4?
True
Is 34 a factor of 742934?
True
Is 19 a factor of 185839?
True
Is 2187841 a multiple of 5?
False
Is 52 a factor of 272709?
False
Is 281 a factor of 110256?
False
Is 46 a factor of 7728?
True
Is 88 a factor of 36810?
False
Is 194 a factor of 787968?
False
Is 85650 a multiple of 50?
True
Is 80 a factor of 6088847?
False
Is 5 a factor of 1366276?
False
Does 86 divide 191614?
False
Does 1546 divide 12887884?
False
Does 22 divide 4464179?
False
Is 2904200 a multiple of 130?
True
Is 265268 a multiple of 304?
False
Is 275737 a multiple of 7?
True
Does 464 divide 2002618?
False
Is 16800 a multiple of 4?
True
Is 33762 a multiple of 28?
False
Is 2434257 a multiple of 7?
True
Is 42 a factor of 72889?
False
Is 651432 a multiple of 2?
True
Is 21 a factor of 4411449?
True
Is 2794462 a multiple of 11?
True
Is 767 a factor of 884351?
True
Is 2700042 a multiple of 51?
True
Is 7163 a multiple of 29?
True
Is 9 a factor of 1079595?
True
Does 3 divide 1435592?
False
Does 122 divide 625494?
True
Is 16 a factor of 6306152?
False
Is 47808 a multiple of 4?
True
Is 116 a factor of 520782?
False
Is 8 a factor of 381512?
True
Does 5 divide 780510?
True
Is 33 a factor of 9480?
False
Is 23 a factor of 6317456?
True
Does 21 divide 328566?
True
Is 15 a factor of 1948574?
False
Is 16 a factor of 14549?
False
Is 167558 a multiple of 48?
False
Does 3 divide 181468?
False
Does 10 divide 305940?
True
Does 12 divide 14453834?
False
Is 6522321 a multiple of 225?
False
Is 29416 a multiple of 8?
True
Is 151033 a multiple of 56?
False
Does 962 divide 3372772?
True
Is 921608 a multiple of 476?
False
Is 11 a factor of 16396984?
False
Is 284973 a multiple of 39?
True
Is 1655 a factor of 12771635?
True
Does 5 divide 1347404?
False
Is 1790498 a multiple of 62?
True
Is 9 a factor of 3572733?
False
Is 928144 a multiple of 16?
True
Is 13 a factor of 64545?
True
Does 459 divide 3410712?
False
Is 3708996 a multiple of 6?
True
Is 1149611 a multiple of 126?
False
Is 167 a factor of 655308?
True
Is 335561 a multiple of 61?
True
Does 70 divide 5915700?
True
Is 2786060 a multiple of 35?
False
Is 1411136 a multiple of 32?
True
Is 189657 a multiple of 21?
False
Does 177 divide 3511680?
True
Is 2550547 a multiple of 25?
False
Is 36 a factor of 110880?
True
Is 45 a factor of 1168904?
False
Is 29 a factor of 1626378?
True
Does 61 divide 283711?
True
Does 7 divide 82558?
True
Is 133 a factor of 94044?
False
Does 87 divide 7190028?
True
Is 1522400 a multiple of 800?
True
Is 38 a factor of 1785962?
True
Is 134 a factor of 2543856?
True
Does 141 divide 99687?
True
Does 54 divide 169020?
True
Does 26 divide 2615028?
True
Is 41 a factor of 211628?
False
Is 72693 a multiple of 41?
True
Is 2207681 a multiple of 46?
False
Is 437645 a multiple of 65?
True
Does 3 divide 824747?
False
Is 5 a factor of 10161?
False
Is 39506 a multiple of 3?
False
Is 26 a factor of 8621973?
False
Is 566 a factor of 559208?
True
Is 1064369 a multiple of 29?
False
Is 37 a factor of 70337?
True
Does 22 divide 1041700?
True
Is 362428 a multiple of 7?
False
Is 1051890 a multiple of 35?
True
Does 130 divide 1862466?
False
Does 17 divide 207897?
False
Does 11 divide 10064538?
True
Does 8 divide 883320?
True
Is 10 a factor of 40690?
True
Is 6050840 a multiple of 184?
True
Does 12 divide 501893?
False
Is 5 a factor of 6892?
False
Is 21 a factor of 283164?
True
Is 2 a factor of 28339?
False
Is 119 a factor of 240261?
True
Is 40 a factor of 40223?
False
Does 20 divide 5469340?
True
Is 4 a factor of 98821?
False
Is 66 a factor of 7828815?
False
Is 747829 a multiple of 17?
False
Is 318 a factor of 5974136?
False
Is 18 a factor of 198684?
True
Does 136 divide 171856?
False
Does 9 divide 84445?
False
Is 10 a factor of 273010?
True
Does 12 divide 13215457?
False
Does 13 divide 162747?
True
Is 2745085 a multiple of 146?
False
Does 192 divide 506880?
True
Does 210 divide 406140?
True
Is 587 a factor of 3547968?
False
Is 11 a factor of 2131870?
False
Is 4890651 a multiple of 1492?
False
Is 18 a factor of 71054?
False
Does 167 divide 785735?
True
Does 94 divide 3342?
False
Does 41 divide 15270?
False
Is 223 a factor of 1500008?
False
Is 2700470 a multiple of 71?
False
Is 748613 a multiple of 82?
False
Is 6 a factor of 37974?
True
Is 790816 a multiple of 83?
False
Is 6 a factor of 1773384?
True
Is 14815296 a multiple of 48?
True
Does 63 divide 1370691?
True
Does 87 divide 1529634?
True
Does 152 divide 9576?
True
Is 2 a factor of 3137352?
True
Is 11005403 a multiple of 31?
True
Is 3055078 a multiple of 7?
False
Is 394 a factor of 3743536?
False
Is 643 a factor of 268131?
True
Does 11 divide 37992095?
False
Is 499707 a multiple of 320?
False
Is 185365 a multiple of 143?
False
Is 16 a factor of 204052?
False
Is 5102856 a multiple of 66?
True
Is 5530896 a multiple of 504?
True
Does 19 divide 3630596?
True
Is 79875 a multiple of 116?
False
Does 8 divide 14755?
False
Does 4 divide 75166?
False
Does 77 divide 1863761?
False
Is 145900 a multiple of 25?
True
Is 9 a factor of 1473283?
False
Is 193600 a multiple of 32?
True
Is 33978 a multiple of 40?
False
Is 70 a factor of 15238152?
False
Does 26 divide 554918?
True
Is 94544 a multiple of 38?
True
Does 1417 divide 15893072?
True
Is 34 a factor of 10936?
False
Is 52 a factor of 1759472?
True
Does 22 divide 350922?
True
Is 9 a factor of 530089?
False
Is 584288 a multiple of 62?
True
Does 126 divide 95734?
False
Does 10 divide 3037007?
False
Does 78 divide 464724?
True
Is 2196 a factor of 16068989?
False
Is 1941137 a multiple of 356?
False
Is 1057254 a multiple of 142?
False
Does 228 divide 1233360?
False
Does 4 divide 383924?
True
Is 689380 a multiple of 20?
True
Does 43 divide 1090566?
True
Does 13 divide 39583?
False
Does 12 divide 247524?
True
Is 18 a factor of 59292?
True
Does 179 divide 105252?
True
Is 235 a factor of 156275?
True
Is 20 a factor of 42440?
True
Is 14 a factor of 2649360?
True
Does 120 divide 2402878?
False
Is 1793735 a multiple of 14?
False
Is 102936 a multiple of 12?
True
Is 190990 a multiple of 538?
True
Is 83955 a multiple of 256?
False
Is 570 a factor of 1663494?
False
Is 3907704 a multiple of 24?
True
Is 11 a factor of 34110?
False
Is 2276958 a multiple of 30?
False
Is 20 a factor of 231992?
False
Does 37 divide 27417?
True
Is 14 a factor of 8112372?
False
Is 390439 a multiple of 2?
False
Is 2976 a multiple of 6?
True
Does 12 divide 9779352?
True
Is 46880 a multiple of 80?
True
Is 52864 a multiple of 14?
True
Does 23 divide 1317026?
True
Is 339264 a multiple of 93?
True
Is 1034838 a multiple of 43?
True
Is 36866 a multiple of 7?
False
Is 18 a factor of 293490?
True
Is 17 a factor of 1717?
True
Is 25 a factor of 2062500?
True
Does 107 divide 215026?
False
Does 94 divide 7993760?
True
Is 58 a factor of 641596?
True
Is 7259584 a multiple of 16?
True
Is 132 a factor of 35306?
False
Is 224301 a multiple of 21?
True
Does 39 divide 11077106?
False
Does 132 divide 147556?
False
Does 22 divide 1115928?
True
Is 169 a factor of 167965?
False
Is 68 a factor of 2377144?
True
Does 98 divide 8824340?
False
Is 443080 a multiple of 95?
True
Is 244 a factor of 879894?
False
Does 384 divide 1253768?
False
Is 8 a factor of 295816?
True
Is 6465 a multiple of 5?
True
Does 48 divide 998352?
True
Does 11 divide 66519?
False
Is 4 a factor of 78892?
True
Is 5 a factor of 88511?
False
Is 71 a factor of 182690?
False
Does 4 divide 206694?
False
Is 170 a factor of 998032?
False
Is 19 a factor of 7143525?
True
Is 326 a factor of 2861616?
False
Does 10 divide 184187?
False
Is 655 a factor of 347805?
True
Is 5536829 a multiple of 143?
False
Is 92903 a multiple of 346?
False
Does 31 divide 13078?
False
Is 405384 a multiple of 266?
True
Is 97 a factor of 87979?
True
Does 99 divide 4718241?
True
Is 5 a factor of 249380?
True
Is 83 a factor of 24557651?
False
Does 3 divide 118780?
False
Is 918 a factor of 1865376?
True
Is 385 a factor of 230230?
True
Is 49 a factor of 7647936?
False
Is 323 a factor of 39162?
False
Is 1296 a factor of 16026336?
True
Does 196 divide 31556?
True
Does 292 divide 54020?
True
Does 48 divide 452?
False
Is 500 a factor of 199500?
True
Is 13084854 a multiple of 218?
False
Does 17 divide 26018?
False
Is 8 a factor of 437424?
True
Does 2 divide 925395?
False
Does 51 divide 407912?
False
Does 